and 8379.
49
Calculate the highest common factor of 4 and 164.
4
Calculate the highest common factor of 390 and 351.
39
What is the highest common factor of 5 and 1655?
5
What is the highest common divisor of 151952 and 16?
16
What is the highest common divisor of 224 and 35?
7
Calculate the highest common factor of 5 and 237.
1
Calculate the highest common divisor of 5232 and 16.
16
What is the greatest common divisor of 57 and 12?
3
What is the greatest common factor of 198 and 176?
22
What is the greatest common factor of 234 and 108?
18
What is the highest common divisor of 2987 and 87?
29
Calculate the highest common factor of 10 and 70.
10
What is the highest common factor of 2840 and 80?
40
What is the highest common divisor of 34670 and 10?
10
What is the highest common factor of 1760 and 44?
44
Calculate the greatest common factor of 5706 and 108.
18
What is the greatest common factor of 1340 and 67?
67
What is the greatest common divisor of 6399 and 81?
81
Calculate the greatest common factor of 10368 and 160.
32
Calculate the highest common divisor of 186 and 3.
3
What is the highest common divisor of 112 and 22288?
112
Calculate the greatest common divisor of 654 and 6.
6
Calculate the greatest common divisor of 10 and 10.
10
Calculate the greatest common divisor of 12 and 6360.
12
Calculate the highest common factor of 640 and 670.
10
What is the greatest common divisor of 29 and 377?
29
Calculate the greatest common divisor of 166 and 37931.
83
Calculate the greatest common divisor of 1339 and 618.
103
What is the greatest common factor of 247 and 19?
19
Calculate the highest common divisor of 156 and 10114.
26
What is the highest common divisor of 2188 and 2?
2
What is the greatest common divisor of 2 and 5?
1
Calculate the greatest common factor of 30 and 1070.
10
Calculate the highest common divisor of 33 and 25113.
33
Calculate the greatest common divisor of 105 and 84.
21
What is the highest common factor of 1449 and 1288?
161
What is the highest common factor of 108 and 48?
12
What is the greatest common divisor of 423 and 282?
141
What is the greatest common factor of 31 and 589?
31
What is the highest common divisor of 57 and 11533?
19
What is the highest common factor of 18 and 423?
9
What is the highest common factor of 138 and 184?
46
Calculate the greatest common factor of 234 and 143.
13
What is the highest common divisor of 187 and 51799?
187
Calculate the highest common factor of 25 and 5.
5
What is the greatest common divisor of 69 and 92?
23
What is the greatest common factor of 3 and 3711?
3
Calculate the greatest common factor of 6 and 246.
6
What is the greatest common divisor of 2205 and 180?
45
What is the greatest common divisor of 527 and 62?
31
What is the greatest common divisor of 99 and 36?
9
What is the greatest common divisor of 272 and 204?
68
What is the greatest common divisor of 1425 and 19?
19
What is the greatest common divisor of 93 and 7874?
31
What is the greatest common factor of 1 and 16?
1
Calculate the highest common divisor of 80 and 130.
10
What is the greatest common factor of 50 and 6450?
50
Calculate the greatest common factor of 21 and 105.
21
What is the highest common divisor of 209 and 1045?
209
Calculate the highest common divisor of 62 and 527.
31
What is the greatest common divisor of 1880 and 440?
40
What is the highest common divisor of 462 and 14?
14
What is the greatest common divisor of 35 and 1393?
7
Calculate the greatest common divisor of 810 and 36.
18
Calculate the highest common factor of 6262 and 124.
62
Calculate the highest common divisor of 19 and 152.
19
What is the greatest common divisor of 544 and 51?
17
What is the highest common divisor of 161 and 69?
23
Calculate the greatest common divisor of 42 and 18.
6
What is the highest common factor of 969 and 119?
17
Calculate the highest common factor of 25 and 125.
25
Calculate the greatest common factor of 12031 and 227.
227
What is the greatest common factor of 2828 and 28?
28
What is the greatest common factor of 618 and 162?
6
What is the highest common divisor of 108 and 1971?
27
Calculate the greatest common factor of 22 and 16.
2
What is the highest common divisor of 5094 and 18?
18
What is the highest common divisor of 4 and 5956?
4
What is the highest common divisor of 240 and 9184?
16
What is the highest common factor of 1 and 9?
1
What is the greatest common factor of 11 and 5731?
11
Calculate the greatest common factor of 130 and 286.
26
What is the greatest common divisor of 324 and 8?
4
Calculate the highest common factor of 12 and 576.
12
Calculate the greatest common factor of 5270 and 341.
31
What is the highest common divisor of 100 and 10220?
20
What is the greatest common factor of 581 and 332?
83
What is the highest common divisor of 9 and 27981?
9
What is the greatest common divisor of 56 and 144?
8
What is the highest common factor of 14742 and 630?
126
Calculate the greatest common factor of 84 and 798.
42
What is the highest common factor of 3360 and 14?
14
What is the greatest common factor of 55 and 110?
55
Calculate the highest common divisor of 232 and 203.
29
What is the highest common factor of 828 and 24?
12
What is the highest common factor of 2646 and 81?
27
What is the highest common divisor of 14 and 8218?
14
Calculate the highest common factor of 18 and 21.
3
Calculate the greatest common factor of 18 and 2466.
18
Calculate the highest common factor of 14936 and 8.
8
What is the greatest common divisor of 141 and 3?
3
Calculate the highest common factor of 960 and 15.
15
What is the greatest common factor of 2 and 396?
2
Calculate the greatest common divisor of 22 and 2816.
22
What is the greatest common divisor of 4686 and 44?
22
What is the greatest common factor of 220 and 580?
20
Calculate the highest common divisor of 95 and 30.
5
Calculate the greatest common factor of 74 and 2.
2
Calculate the highest common divisor of 1244 and 68.
4
Calculate the highest common divisor of 35 and 10.
5
What is the highest common factor of 128 and 136?
8
What is the highest common divisor of 2955 and 15?
15
Calculate the greatest common factor of 146 and 32.
2
What is the greatest common divisor of 2884 and 98?
14
What is the highest common divisor of 477 and 18?
9
Calculate the greatest common divisor of 1007 and 1643.
53
Calculate the greatest common divisor of 8 and 278.
2
Calculate the highest common divisor of 162 and 882.
18
What is the highest common divisor of 14 and 4?
2
What is the greatest common factor of 165 and 2442?
33
What is the greatest common factor of 1323 and 392?
49
What is the greatest common factor of 10 and 70?
10
Calculate the greatest common factor of 108 and 459.
27
Calculate the greatest common factor of 9 and 441.
9
Calculate the greatest common divisor of 11 and 638.
11
What is the highest common divisor of 12 and 1152?
12
Calculate the greatest common factor of 1364 and 308.
44
What is the highest common factor of 13161 and 369?
123
What is the highest common factor of 60 and 270?
30
What is the highest common factor of 1628 and 44?
44
What is the greatest common divisor of 22 and 44836?
22
What is the highest common factor of 105 and 345?
15
What is the highest common divisor of 440 and 176?
88
Calculate the greatest common factor of 329 and 611.
47
What is the greatest common divisor of 63 and 903?
21
What is the greatest common divisor of 20 and 92?
4
What is the highest common divisor of 1073 and 37?
37
What is the greatest common factor of 210 and 30?
30
Calculate the greatest common factor of 2574 and 18.
18
Calculate the greatest common factor of 798 and 12.
6
Calculate the greatest common factor of 690 and 30.
30
What is the highest common factor of 1890 and 25?
5
Calculate the greatest common divisor of 137 and 52471.
137
Calculate the greatest common factor of 143 and 182.
13
What is the greatest common divisor of 4 and 984?
4
Calculate the greatest common factor of 36 and 219.
3
Calculate the greatest common divisor of 888 and 276.
12
Calculate the highest common divisor of 180 and 27.
9
Calculate the highest common factor of 40 and 57560.
40
Calculate the highest common divisor of 63 and 14.
7
Calculate the greatest common divisor of 53 